ist the prime factors of 2254892782.
2, 131, 2687, 3203
List the prime factors of 3514528122.
2, 3, 7, 83679241
What are the prime factors of 166123202?
2, 7, 11865943
List the prime factors of 650993325.
3, 5, 17, 510583
What are the prime factors of 126030352?
2, 7, 160753
What are the prime factors of 2727917003?
7, 389702429
List the prime factors of 362901547.
53, 67, 102197
List the prime factors of 113644312.
2, 14205539
List the prime factors of 865271963.
865271963
What are the prime factors of 751574?
2, 375787
What are the prime factors of 6279738162?
2, 3, 23, 45505349
What are the prime factors of 185457556?
2, 17, 19, 23, 79
List the prime factors of 60703429.
89, 191, 3571
What are the prime factors of 474075478?
2, 237037739
What are the prime factors of 4420921823?
4420921823
What are the prime factors of 319998720?
2, 3, 5, 167, 499
List the prime factors of 1506093311.
19, 317, 250057
List the prime factors of 472555761.
3, 157518587
What are the prime factors of 243671819?
877, 277847
List the prime factors of 251639201.
11, 797, 28703
What are the prime factors of 69661890?
2, 3, 5, 59, 4373
What are the prime factors of 80741260?
2, 5, 19, 53, 211
What are the prime factors of 540711572?
2, 8219, 16447
What are the prime factors of 436786166?
2, 218393083
List the prime factors of 63803417.
101, 631717
List the prime factors of 292827673.
1091, 268403
What are the prime factors of 25856440?
2, 5, 646411
List the prime factors of 6978723718.
2, 863, 4043293
What are the prime factors of 111562418?
2, 11, 5071019
What are the prime factors of 61528641?
3, 20509547
List the prime factors of 63227919.
3, 101, 208673
What are the prime factors of 569021898?
2, 3, 2393, 39631
What are the prime factors of 224796040?
2, 5, 7, 619, 1297
What are the prime factors of 2350833558?
2, 3, 19, 3301, 6247
List the prime factors of 1220202531.
3, 135578059
List the prime factors of 111123958.
2, 11, 73, 69193
List the prime factors of 67773367.
6173, 10979
What are the prime factors of 1015634441?
67, 15158723
List the prime factors of 94717839.
3, 109, 289657
What are the prime factors of 27548040?
2, 3, 5, 13, 17659
What are the prime factors of 5706757478?
2, 2853378739
What are the prime factors of 53451230?
2, 5, 7, 17, 44917
List the prime factors of 516245969.
516245969
What are the prime factors of 173866296?
2, 3, 1033, 7013
List the prime factors of 208593004.
2, 479, 108869
What are the prime factors of 1010485647?
3, 607, 184969
What are the prime factors of 541291285?
5, 19, 1283, 4441
List the prime factors of 943321807.
14629, 64483
List the prime factors of 75336015.
3, 5, 283, 17747
What are the prime factors of 118473885?
3, 5, 1321, 1993
What are the prime factors of 590374858?
2, 9049, 32621
List the prime factors of 4312928696.
2, 17, 139, 337, 677
What are the prime factors of 85226298?
2, 3, 14204383
List the prime factors of 1193059446.
2, 3, 198843241
List the prime factors of 3994735838.
2, 827, 2415197
What are the prime factors of 693575902?
2, 23, 15077737
List the prime factors of 59554422.
2, 3, 61, 73, 743
List the prime factors of 5548059600.
2, 3, 5, 29, 131, 1217
What are the prime factors of 184241468?
2, 46060367
What are the prime factors of 5320193398?
2, 13, 204622823
What are the prime factors of 620187025?
5, 211, 117571
List the prime factors of 1024254283.
13, 78788791
List the prime factors of 336971495.
5, 7, 1187, 8111
List the prime factors of 2432574736.
2, 71, 677, 3163
What are the prime factors of 4810481407?
37, 130013011
What are the prime factors of 2586821366?
2, 593, 2181131
What are the prime factors of 100494138?
2, 3, 3299, 5077
What are the prime factors of 813224365?
5, 139, 1170107
What are the prime factors of 54378604?
2, 7, 37, 52489
What are the prime factors of 124553575?
5, 709, 7027
List the prime factors of 428293879.
13, 23, 103, 13907
What are the prime factors of 26618878?
2, 11, 13, 163, 571
What are the prime factors of 913038272?
2, 14266223
List the prime factors of 809711140.
2, 5, 7, 139, 41609
List the prime factors of 5232343.
2237, 2339
List the prime factors of 2029857012.
2, 3, 2153, 26189
List the prime factors of 31254756.
2, 3, 13, 200351
What are the prime factors of 1596554481?
3, 532184827
What are the prime factors of 380323368?
2, 3, 107, 49367
What are the prime factors of 7055513697?
3, 317, 7419047
What are the prime factors of 159058969?
159058969
List the prime factors of 177358115.
5, 11, 197, 16369
List the prime factors of 552166129.
23, 1907, 12589
What are the prime factors of 2157939057?
3, 73, 9853603
List the prime factors of 2986948810.
2, 5, 41, 7285241
What are the prime factors of 3237040742?
2, 13, 124501567
What are the prime factors of 31790?
2, 5, 11, 17
List the prime factors of 1009023691.
13, 77617207
List the prime factors of 44920924.
2, 11230231
List the prime factors of 106315620.
2, 3, 5, 17, 104231
List the prime factors of 1180148220.
2, 3, 5, 541, 12119
What are the prime factors of 1553451628?
2, 19, 20440153
List the prime factors of 18368770.
2, 5, 7, 262411
List the prime factors of 1925220486.
2, 3, 7, 19, 47, 7333
List the prime factors of 666372697.
666372697
List the prime factors of 1097374980.
2, 3, 5, 13, 503, 2797
List the prime factors of 68114535.
3, 5, 4540969
List the prime factors of 187932003.
3, 7, 73, 83, 211
List the prime factors of 17834543.
641, 27823
What are the prime factors of 1582311416?
2, 7, 163, 173347
What are the prime factors of 35897105?
5, 7179421
List the prime factors of 417394457.
417394457
What are the prime factors of 462697937?
13, 19, 1873271
List the prime factors of 154634276.
2, 241, 160409
List the prime factors of 66017775.
3, 5, 29, 127, 239
List the prime factors of 92205899.
92205899
List the prime factors of 2393214108.
2, 3, 761, 262069
What are the prime factors of 199653225?
3, 5, 23, 115741
List the prime factors of 77728902.
2, 3, 12954817
What are the prime factors of 1919786121?
3, 11, 263, 6703
List the prime factors of 896432061.
3, 7, 23, 67, 27701
What are the prime factors of 91788701?
91788701
What are the prime factors of 319965521?
319965521
List the prime factors of 772924329.
3, 17, 463, 3637
List the prime factors of 650160055.
5, 31, 4194581
List the prime factors of 107124250.
2, 5, 37, 313
What are the prime factors of 611698248?
2, 3, 7, 23, 52769
List the prime factors of 343690386.
2, 3, 13, 4406287
List the prime factors of 6278264.
2, 23, 149, 229
List the prime factors of 136274904.
2, 3, 499, 3793
What are the prime factors of 454405381?
43, 281, 37607
What are the prime factors of 709578226?
2, 7, 41, 691, 1789
What are the prime factors of 1297999728?
2, 3, 367, 2729
List the prime factors of 823967971.
823967971
List the prime factors of 36428155.
5, 7285631
What are the prime factors of 1246354328?
2, 155794291
What are the prime factors of 154727657?
7, 89, 101, 2459
What are the prime factors of 1484079837?
3, 4397, 112507
List the prime factors of 89785232.
2, 1063, 5279
What are the prime factors of 122898777?
3, 40966259
What are the prime factors of 2237051873?
7, 233, 1371583
List the prime factors of 1394370653.
13, 23, 4663447
List the prime factors of 4378362.
2, 3, 29, 25163
List the prime factors of 1618058203.
37273, 43411
List the prime factors of 29224989.
3, 17, 63671
What are the prime factors of 33291683?
33291683
What are the prime factors of 6547595?
5, 139, 9421
What are the prime factors of 810261470?
2, 5, 43, 151, 12479
List the prime factors of 37188824.
2, 4648603
List the prime factors of 2106443636.
2, 11, 743, 64433
List the prime factors of 52861055.
5, 13, 29, 967
What are the prime factors of 73207467?
3, 8134163
What are the prime factors of 53024387?
13, 4078799
List the prime factors of 5342989242.
2, 3, 617, 1443271
What are the prime factors of 1481456910?
2, 3, 5, 23, 2147039
List the prime factors of 48183755.
5, 733, 13147
What are the prime factors of 133164648?
2, 3, 89, 2309
What are the prime factors of 91972744?
2, 877, 13109
List the prime factors of 81304417.
503, 161639
List the prime factors of 3024110002.
2, 47, 32171383
List the prime factors of 70398318.
2, 3, 727, 16139
What